 of 53?
False
Does 22 divide 371272?
True
Is 18 a factor of 45261?
False
Does 7 divide 3305414?
True
Does 111 divide 2077698?
True
Is 284314 a multiple of 10?
False
Does 89 divide 566485?
True
Does 15 divide 243210?
True
Does 324 divide 2358072?
True
Is 14 a factor of 6947840?
False
Is 75 a factor of 4020335?
False
Is 28 a factor of 7751163?
False
Is 43 a factor of 3490421?
False
Is 15 a factor of 352583?
False
Is 4224005 a multiple of 4?
False
Does 78 divide 1295814?
True
Is 106662 a multiple of 29?
True
Is 630047 a multiple of 59?
False
Does 136 divide 10430384?
True
Does 10 divide 2510682?
False
Does 15 divide 110651?
False
Is 34 a factor of 293429?
False
Does 178 divide 460000?
False
Does 35 divide 200025?
True
Does 32 divide 1032406?
False
Does 5 divide 6154000?
True
Is 758 a factor of 515957?
False
Is 233 a factor of 205273?
True
Is 1519643 a multiple of 155?
False
Is 2125481 a multiple of 47?
True
Does 11 divide 155312?
False
Is 21 a factor of 75075?
True
Is 91 a factor of 585676?
True
Does 30 divide 58260?
True
Does 12 divide 78498?
False
Does 68 divide 1791392?
True
Does 134 divide 805269?
False
Does 2 divide 27791?
False
Is 327 a factor of 835684?
False
Does 104 divide 255840?
True
Does 10 divide 683221?
False
Does 32 divide 462272?
True
Is 254231 a multiple of 31?
True
Is 17 a factor of 298010?
True
Is 24640 a multiple of 88?
True
Is 616 a factor of 6331147?
False
Is 44 a factor of 3483128?
True
Does 46 divide 37776120?
True
Is 208 a factor of 307632?
True
Is 55539 a multiple of 99?
True
Does 78 divide 313872?
True
Is 1001931 a multiple of 24?
False
Does 610 divide 3912540?
True
Is 94 a factor of 169599?
False
Does 26 divide 628134?
True
Does 585 divide 5065515?
True
Is 141 a factor of 488252?
False
Is 671783 a multiple of 46?
False
Is 32 a factor of 278624?
True
Is 843 even?
False
Is 11 a factor of 20796360?
False
Does 33 divide 1544202?
True
Is 23 a factor of 188773?
False
Is 12 a factor of 1182101?
False
Is 704 a factor of 2713675?
False
Is 13344576 a multiple of 48?
True
Does 6 divide 112998?
True
Is 2245908 a multiple of 4?
True
Is 4797011 a multiple of 29?
False
Does 27 divide 425874?
False
Is 6 a factor of 193184?
False
Is 931 a factor of 7372604?
False
Is 5462437 a multiple of 35?
False
Is 245 a factor of 359362?
False
Does 11 divide 20724?
True
Is 615943 a multiple of 1727?
False
Does 22 divide 1253142?
True
Is 1478 a factor of 10338642?
False
Is 537001 a multiple of 232?
False
Is 2193426 a multiple of 1321?
False
Is 2270646 a multiple of 6?
True
Does 165 divide 70288?
False
Does 300 divide 653635?
False
Is 72 a factor of 2275721?
False
Is 60480 a multiple of 135?
True
Is 6537790 a multiple of 590?
True
Is 26870900 a multiple of 35?
True
Is 6614616 a multiple of 2084?
True
Is 50564 a multiple of 10?
False
Does 161 divide 17688909?
True
Is 239471 a multiple of 22?
False
Does 55 divide 102685?
True
Is 136 a factor of 297840?
True
Is 1225 a factor of 4835075?
True
Is 555 a factor of 3328335?
True
Is 12 a factor of 123923?
False
Does 71 divide 261980?
False
Is 173 a factor of 132691?
True
Is 4085423 a multiple of 409?
False
Is 14 a factor of 3526270?
False
Is 21 a factor of 120761?
False
Is 64 a factor of 231448?
False
Is 74 a factor of 43517?
False
Is 6 a factor of 104304?
True
Is 185207 a multiple of 4?
False
Is 16061915 a multiple of 265?
True
Is 187527 a multiple of 30?
False
Is 709135 a multiple of 145?
False
Is 170119 a multiple of 40?
False
Is 2 a factor of 49673?
False
Is 8 a factor of 216576?
True
Is 27104749 a multiple of 119?
True
Does 257 divide 8800965?
True
Is 265 a factor of 1220325?
True
Does 38 divide 388637?
False
Is 1799593 a multiple of 8?
False
Is 1117530 a multiple of 135?
True
Is 103445 a multiple of 5?
True
Is 268925 a multiple of 3?
False
Does 154 divide 3476088?
True
Is 9 a factor of 152226?
True
Is 5 a factor of 68555?
True
Is 7016 a multiple of 4?
True
Is 2250971 a multiple of 47?
True
Is 37 a factor of 13268126?
True
Is 43008 a multiple of 15?
False
Does 644 divide 1635116?
True
Does 22 divide 338008?
True
Does 90 divide 624561?
False
Is 37982 a multiple of 30?
False
Is 9501300 a multiple of 207?
True
Is 2681707 a multiple of 39?
False
Is 167586 a multiple of 33?
False
Does 36 divide 38801?
False
Is 2577744 a multiple of 72?
True
Does 509 divide 1549640?
False
Is 14 a factor of 80038?
True
Is 103471 a multiple of 343?
False
Is 14 a factor of 383281?
False
Does 123 divide 602946?
True
Is 25 a factor of 22450?
True
Does 55 divide 1012660?
True
Is 21 a factor of 10116120?
True
Does 11 divide 2934514?
True
Is 25629156 a multiple of 116?
True
Is 267 a factor of 124689?
True
Is 211 a factor of 95860?
False
Is 14148 even?
True
Is 16 a factor of 294160?
True
Is 1971389 a multiple of 195?
False
Is 1411080 a multiple of 30?
True
Is 1111 a factor of 2611961?
True
Is 18 a factor of 510017?
False
Does 13 divide 32654?
False
Is 142880 a multiple of 160?
True
Is 23 a factor of 387780?
True
Does 738 divide 412653?
False
Does 124 divide 1361571?
False
Is 86 a factor of 263108?
False
Does 16 divide 405223?
False
Is 9970 a multiple of 33?
False
Is 32 a factor of 61187?
False
Does 88 divide 349187?
False
Is 8010041 a multiple of 13?
True
Does 99 divide 48906?
True
Does 2 divide 25060?
True
Is 699046 a multiple of 47?
False
Is 115 a factor of 297885?
False
Is 3263676 a multiple of 12?
True
Does 881 divide 12077?
False
Is 64 a factor of 18816?
True
Is 270327 a multiple of 16?
False
Does 15 divide 41745?
True
Is 447582 even?
True
Is 8 a factor of 26822?
False
Does 12 divide 787812?
True
Is 67132 a multiple of 35?
False
Is 10209046 a multiple of 13?
False
Does 81 divide 68895?
False
Is 32608 a multiple of 12?
False
Does 10 divide 982990?
True
Does 20 divide 441884?
False
Is 400819 a multiple of 80?
False
Does 94 divide 659733?
False
Does 164 divide 1537828?
True
Does 97 divide 11018?
False
Is 15 a factor of 2696580?
True
Is 23 a factor of 8758722?
True
Is 12 a factor of 28445525?
False
Is 1664 a factor of 2271241?
False
Does 19 divide 434549?
True
Is 1035 a factor of 5487670?
False
Is 131 a factor of 24104?
True
Is 2422236 a multiple of 852?
True
Is 684288 a multiple of 324?
True
Is 136 a factor of 623560?
True
Does 336 divide 5576592?
True
Does 13 divide 10462296?
True
Is 1105270 a multiple of 10?
True
Is 16 a factor of 82063?
False
Is 798 a factor of 6399960?
True
Is 75 a factor of 490411?
False
Is 147787 a multiple of 17?
False
Is 34485 a multiple of 55?
True
Is 1911734 a multiple of 20?
False
Is 6288 a multiple of 393?
True
Is 16 a factor of 22893?
False
Does 64 divide 410944?
True
Is 26 a factor of 26374?
False
Is 332481 a multiple of 3?
True
Does 6 divide 1356930?
True
Is 2285164 a multiple of 98?
True
Does 39 divide 252876?
True
Does 619 divide 2834784?
False
Does 168 divide 17355744?
True
Is 8 a factor of 142992?
True
Is 283257 a multiple of 5?
False
Does 41 divide 197196?
False
Does 14 divide 554190?
True
Does 23 divide 267010?
False
Is 285 a factor of 51027?
False
Is 8041 a multiple of 125?
False
Does 7 divide 82750?
False
Does 521 divide 945094?
True
Is 623864 a multiple of 2?
True
Does 27 divide 22329?
True
Is 1095400 a multiple of 18?
False
Is 869466 a multiple of 71?
True
Is 93700 a multiple of 26?
False
Does 429 divide 1581052?
False
Is 28 a factor of 481374?
False
Is 218159 a multiple of 637?
False
Is 7885 a multiple of 6?
False
Is 92 a factor of 32568?
True
Does 49 divide 7499741?
False
Is 36 a factor of 4861451?
False
Does 2 divide 394210?
True
Does 408 divide 352843?
False
Does 14 divide 68345?
False
Does 3 divide 85934?
False
Is 410 a factor of 452640?
True
Is 3937794 a multiple of 366?
True
Is 1700697 a multiple of 39?
False
Is 62350 a multiple of 25?
True
Is 59 a factor of 188499?
False
Does 485 divide 3145225?
True
Does 179 divide 35372?
False
Does 253 divide 1560848?
False
Is 55 a factor of 3842080?
True
Is 2 a factor of 74793?
False
Is 74 a factor of 5892271?
False
Is 1152053 a multiple of 210?
False
Is 1460878 a multiple of 60?
False
Is 1477 a factor of 11248910?
False
Does 60 divide 465960?
True
Does 174 divide 2153048?
False
Is 213498 a multiple of 261?
True
Is 12 a factor of 70152?
True
Is 9 a factor of 5945532?
False
Does 18 divide 78897?
False
Is 149362 a multiple of 2?
True
Does 23 divi